2
What is (-10 - (-2 + 0 + 1)) + (4721 - 4726)?
-14
Evaluate -19 - -6 - (-1 - 18).
6
28 + -16 - (-3 - -4)
11
Calculate -4 + -1 - (-26 + 25 - -4).
-8
What is the value of (0 - 4 - -10 - 2) + -7?
-3
Evaluate -4 - (7 - 7) - (13 - 4).
-13
What is the value of (21 - 5) + -9 - (-2 + (6 - -2))?
1
Evaluate 9 + (1 - 12) + 10.
8
Evaluate 9 - (-1 + -7 - (-11 + -4 + 9)).
11
Evaluate 12 + -2 - (-28 - -2 - -14).
22
What is -11 - 17 - -6 - (-5 + 0)?
-17
(34 - 2) + -15 + (9 - 5)
21
What is (57 + -75 - (-19 + 3)) + 0 + 39?
37
Evaluate 27 + (-20 + 41 - 46).
2
Calculate (1 + -6 - -2 - -4) + (45 - 13).
33
What is the value of (9 - 8 - -6) + (-18 - -32)?
21
Calculate 13 + 3 - (15 + -33 + 15).
19
Evaluate -3 - (-16 + 22 + (4 - 0 - 4)).
-9
-12 - (-8 + -6) - -22
24
Calculate (0 - 6) + (40 - (79 - 34)).
-11
Evaluate -1 + (35 - 4 - 28).
2
Calculate 23 + (-5 - 10) + 12 + -1 + 1.
20
-7 - (-247 + 247 + (0 - -14))
-21
What is -350 - -353 - ((0 - 1) + -5)?
9
What is the value of (2 - (-2 - -11)) + (0 - (-5 + -3))?
1
What is the value of (-1 - (6 + -14)) + (3 - 9) - -7?
8
What is the value of -3 - (8 + -13 + -17)?
19
What is -1 + 6 + -1 - ((-41 - 36) + 86)?
-5
What is the value of 3 - 2 - (4 + 15 - 18)?
0
-10 + -1 + (33 - (-5 - -41))
-14
7 + 5 + -1 + -7 - (1 - 4)
7
Calculate -1 + -1 - (-4 + -8 + 2) - -2.
10
What is the value of 164 + -165 + (-6 - -1)?
-6
What is -13 + 7 + -4 + (5 - -1)?
-4
What is the value of -9 + (1 - -13) - (15 - 0)?
-10
What is 1 + 12 + (-17 + 32 - 18)?
10
What is 1 + 21 - ((0 - 0) + -60 + 66)?
16
Calculate 19 - (12 + (-3 + -8 - -7) + -6).
17
What is the value of -11 + (7 + -14 + 11 - 0)?
-7
96 - 89 - (-5 + 2)
10
(2 - 2) + (42 - 3) + (766 - 775)
30
Calculate 12 + 1 + -7 + (-2 - -3) - 14.
-7
Calculate (0 - -4) + (-4 - (16 + -3)).
-13
-25 + (4 - 11 - -3) - 6 - -4
-31
What is the value of 0 - (0 + 1) - -6 - (1772 + -1753)?
-14
Evaluate 14 - (-11 + -5 + 35).
-5
-34 - (-7 - (9 + -2 + -16 - -8))
-28
What is the value of (2 + -7 - (26 - 33)) + (-12 - -10)?
0
0 + -6 + (-28 - -2 - -21) + -23
-34
What is -3 + 1 + (-4 - -2) - (-32 - -17)?
11
Calculate -52 + 13 + 20 + 7.
-12
Evaluate (-1 - (2 + 0)) + -5 + (15 - 11).
-4
What is (-21 - -28) + 9 - (2 - -27)?
-13
What is -55 + 46 + (12 - 1) - 9?
-7
Evaluate -2 - ((14 - (5 - -2)) + -11).
2
What is the value of -2 + 0 + -2 + (2 - 2)?
-4
Calculate 13 - (-15 + (7 - -2) - -10 - -1).
8
What is the value of -2 + -5 + 3 + 4 + -8 + 7?
-1
What is the value of (-86 - -73) + 1 + 29?
17
What is -7 + (-1 - -1) + (-771 - -768) - 8?
-18
What is the value of (-54 - -45) + (-2 - (-2 + -1)) + 15?
7
What is (1 - 0) + -16 + -30 + 41?
-4
-13 - (-45 + 32) - 12
-12
1 + (-12 - 0 - 7) + 7
-11
Calculate 9 - (-15 - (-28 + 19)).
15
What is 2 + 2 + 12 + (2 - 5) + -7?
6
Calculate -5 + (-13 - -14) - 9 - 5.
-18
Calculate -4 - (0 + 4 + 10 + (-6 - 8)).
-4
Calculate (-10 + 6 - -8) + (1 - (31 - 0)).
-26
Calculate (-37 - -62) + 10 - (11 - 3).
27
What is (17 - 56) + 19 + 20?
0
Calculate 503 + -512 - (1 - 15).
5
What is the value of 44 + (-34 - -22) + -21?
11
(7 + -18 - -6 - -11) + 5
11
Calculate 26 - (-10 - (-22 + 9 + (-3 - 5))).
15
Evaluate 1 + (-3 - (-1 - -3)) + 8.
4
Calculate 0 + 4 + 0 - (-3 + -13 + 14).
6
What is the value of -4 + 5 + (-5 - -10 - 4)?
2
3 + 26 + -31 - (-16 - -2)
12
3 + (2 - 2) - (196 + -190) - -20
17
3 + 0 + 2 + (-2 - -11) + 3
17
Calculate -19 + -20 + 45 - 7.
-1
What is -3 + -3 + -6 - (4 + -10)?
-6
Evaluate (-2 - -1) + (-3 + -9 + 1 - -17).
5
Calculate (5 - (-1 + -4)) + 10 + 4 + -7.
17
What is 1 + -2 - (-38 + 32)?
5
Evaluate 1 - 2 - (-23 + (64 - 40)) - -13.
11
Calculate 14 - 13 - (8 - (19 - -7)).
19
Calculate 1 - (-11 - -25 - 4) - -5.
-4
Evaluate 162 + -163 - (-11 - -1).
9
What is the value of (6 - 15) + 17 + -12 - (-6 - 0)?
2
-12 + (32 - 6) + (-7 - -12)
19
11 + (-5 - (2 + -1)) - -3 - 7
1
Evaluate 8 - (-3 + 1 + 5 + 0 + 5).
0
What is the value of (-28 - -35) + 2 + -24 + 7?
-8
What is -19 + (-25 - -42) - (0 + -25)?
23
Calculate -921 - -895 - (-3 + 0).
-23
-13 - -7 - -8 - (26 + -14)
-10
What is 18 - (19 + -13 + 4 + 6)?
2
What is 14 + -4 + (-13 - -13) + (-6 - -5)?
9
What is 5 + -44 + 37 - (-3 + 4 - 1)?
-2
Calculate 19 - (4 - -15 - 6 - 3).
9
Evaluate -31 - (11 - (0 - -29)).
-13
Evaluate -499 + 503 - (1 - 3 - 1).
7
Evaluate (14 - 21) + 2 + (0 - (3 - -4)).
-12
Calculate (241 - 226) + -11 + 0.
4
What is -13 - (0 + -13 + 4 + 1)?
-5
Calculate (0 - 4) + 5 + (-8 - (0 - -1)).
-8
-32 + (3 - (-12 + (8 - -4)))
-29
Evaluate -185 + 171 - (-16 - 1).
3
Calculate 8 - (-10 - -11) - (15 - -9).
-17
Evaluate (-13 + 1 - (-1 - 3 - 3)) + 11.
6
Calculate 10 - ((-8 + 1 - -6) + (-1 - 5)).
17
(7 - (35 - 6)) + 10
-12
Evaluate -4 - -15 - (85 - 63).
-11
What is the value of (-6 - (5 - 21)) + 8 + -16?
2
What is (8 - (8 + -9)) + 0 - (-11 + -12)?
32
Evaluate -9 + 8 + (8 - 19) + 22.
10
What is the value of -11 + 11 + 10 + 2 + -2?
10
Evaluate (-1 + (-1 - -12) - 3) + -6 - -10.
11
What is the value of 4 + -5 - (-2 - -10)?
-9
What is the value of 4 + (14 - 4 - 14) + 2?
2
What is the value of (60 - (-14 + 28)) + 5 - 10?
41
Calculate 5 + 7 + -8 + -2 + 4.
6
What is the value of -4 - (0 + 0 - 3 - (5 + -7))?
-3
What is the value of -16 + -1 + -10 + 1 + 45?
19
What is 17 - ((-9 - -2) + (-52 - -66))?
10
What is the value of 24 + (-30 - (28 + -57))?
23
Calculate (21 - 9) + -12 - 22.
-22
Evaluate 16 - ((-19 - -13) + 31 + -13).
4
Evaluate -7 - (-8 + -2 + -9).
12
Calculate -1 + -43 + 65 + -41.
-20
Calculate 32 + -39 - (4 - (-2 - -3)).
-10
(5 - 5) + 14 + -3 + -20
-9
What is (8 - 1 - (-33 - -47)) + 6 - 1?
-2
What is the value of -23 + (52 - (12 - -12))?
5
What is 1 - (21 - 40 - -36)?
-16
Calculate 7 - (5 - (10 + -21)).
-9
-12 - (-1 + (1 - 0) - (-56 + 55))
-13
What is the value of 5 - -30 - 8 - 16?
11
Calculate 1 - -2 - (168 - 155) - -6.
-4
-38 + -24 - -45 - (0 + 2)
-19
What is the value of 5 + (4 - 14) + 0 + 0?
-5
Evaluate (4 - 23) + (-3 - -30).
8
Evaluate 21 + -1 - ((-9 - -5) + (17 - 17)).
24
-1 - (7 - (5 - 7))
-10
What is the value of 2 + 27 + (-22 - 3)?
4
What is the value of 7 + (0 - (5 - -3)) + 6 + 0?
5
What is the value of 4 + 1 + (-14 - -16 - 9 - 18)?
-20
Calculate 3527 + -3519 - (6 + (1 - 1)).
2
(5 - 11) + 9 - (-15 + (1 - -1))
16
Calculate 15 - (13 - 0 - -14).
-12
What is the value of -40 + (-40 - (-3 + -63))?
-14
What is the value of 2 - -2 - 18 - -21?
7
What is (5 - -6) + 2 + 19 + -7 + -8?
17
What is the value of 7 - (-20 - -5) - 25?
-3
1 - -5 - (99 - 105 - (-2 + -13))
-3
Calculate (-17 - 0) + -14 + -1 + -154 + 176.
-10
-6 - -3 - (37 + (0 - 12))
-28
Calculate 2 - 5 - -11 - (7 + 10).
-9
30 + -9 + (29 - 46)
4
(6 - (0 - 3)) + (25 - (-29 + 66))
-3
Evaluate 17 + 34 + -18 + (4 - 4).
33
What is the value of (8 - 5) + 6 + -2 + 1?
8
What is (1 - 9) + (-248 - -272)?
16
Evaluate -61 + 8 - (-43 - -20).
-30
Evaluate (-1 - (6 + -2) - -3 - -2) + 16.
16
Evaluate -342 + 336 - (11 - 0).
-17
What is the value of -21 + (-3 + -4 + -2 + 7 - -8)?
-15
What is the value of 2 + -2 + 31 - 16?
15
Evaluate 4 - (4 - (4 - (0 - 7))).
11
Calculate 7 + (6 - 1 - 6).
6
Evaluate -28 + (16 - (-17 - -21)).
-16
Evaluate (153 - 120) + (4 - 5).
32
Evaluate 8 + (9 - 25 - -12).
4
34 + -2 - -2 - (-790 - -805)
19
Calculate 2 + -3 + (13 - 8) + 2.
6
(-14 - -17) + 11 + 0
14
Evaluate -5 + 3 + (9 - 0 - (17 - 23)).
13
What is the value of 4 - (21 + -11 + -9)?
3
What is the value of 47 + -19 - 34 - (1 + 9)?
-16
What is 2 + -1 + (-7 - (11 + 1 + -13))?
-5
What is the value of 9 + -10 + -8 + 11?
2
Evaluate (1 - -13) + -5 - -5 - (0 - -6).
8
Evaluate (29 - 22) + 18 + (-7 - 2).
16
2 + (1 - (5 - 1) - (-29 + 30))
-2
What is (1 - 2) + 12 + -4 + 15?
22
-55 + 51 + (25 - 2)
19
What is (-5 - 1) + (-8 - (-13 - -4))?
-5
Evaluate (-20 - (-31 + 8)) + -2.
1
What is (5 + (-6 - 2) - -10) + 2?
9
What is the value of 2 - 9 - (-30 + 18 + 20)?
-15
What is -7 + (1 - (-1 - 16) - (-243 + 252))?
2
Evaluate -2 - (0 + 1 - (13 + -21)).
-11
Evaluate (-1 - -26) + -19 + 20 + -2 + 3.
27
Evaluate -16 + -28 + 14 + 3.
-27
-23 + (-15 + 10 - -11)
-17
What is -14 + 22 + (-46 - -21)?
-17
10 - ((12 - -2) + -9)
5
8 + (0 - 3) - (-47 - -68)
-16
Evaluate -5 - 0 - ((-5 - -10 - 4) + -18).
12
-488 + 492 - (24 - 0)
-20
Evaluate 0 + -2 + 1 + -4 + -7.
-12
0 + (-8 - (-7 + (7 - -7)))
-15
What is the value of -8 + 1 - (-1581 - -1559)?
15
Evaluate 7 - -1 - (114 - 94).
-12
Evaluate -16 - 